e of 3*h**2 - h - 1. Let x = 70 - 71. Determine t(x).
-7
Let o(z) = 5*z + 1. Let i be (10/4)/((-1)/2). Let w(p) be the third derivative of -p**4/24 - p**3 - 6*p**2. Let d be w(i). Give o(d).
-4
Let i(c) be the first derivative of 3 + 1/2*c**2 - 2*c. Give i(1).
-1
Suppose 0 = -0*y - 3*y - 3. Let h(i) = -7*i + 1 + 2*i**3 - 4 + 11*i**2 - 6. Let s(q) = -q**3 - 5*q**2 + 3*q + 4. Let v(z) = -4*h(z) - 9*s(z). Give v(y).
-1
Let k = 154 + -154. Let y(r) = -r**2 + 6. Determine y(k).
6
Let p(v) be the first derivative of v**4/4 - 8*v**3/3 - 9*v**2/2 + 6*v + 66. Determine p(9).
6
Let k = 41 - 29. Suppose 0 = -2*r - r + k. Let n = -5 + r. Let j(z) = z**3 + z**2. What is j(n)?
0
Let j(f) be the third derivative of -f**6/120 - f**5/15 - f**4/8 + f**3/3 + 3*f**2. Calculate j(-3).
2
Let x = -43 + 41. Let o(m) = 2*m**2 + 3*m. Determine o(x).
2
Suppose 4*j - 25 + 1 = 0. Suppose 2*o = j*o - 12. Let n(v) = -v**3 + 5*v**2 - 4*v - 1. What is n(o)?
5
Let m(z) = 5*z**2 + z - 1. Let v be m(1). Let h(a) = a**2 - 7*a - 5. Let l(t) = 4*t**2 - 29*t - 21. Let i(o) = -9*h(o) + 2*l(o). Give i(v).
3
Suppose -2*k - 5 = 5. Let r(n) = -n + 1. What is r(k)?
6
Suppose 0 = 4*s - 2*s - 84. Suppose 4*h - p + s + 26 = 0, -2*h + 4*p - 48 = 0. Let b be (-3)/9 + h/(-3). Let o(j) = -j**3 + 5*j**2 - j + 7. What is o(b)?
2
Let q(f) be the third derivative of f**5/60 - f**4/6 - 7*f**3/6 + f**2. Calculate q(6).
5
Let f(r) = -2*r + 3. Let n = -19 + 5. Let t be 4/n - (-115)/35. Suppose 6*y = t*y + 12. What is f(y)?
-5
Let d = 2 + 0. Let n(i) = 0 + 2*i + i**3 + 1 - 2*i**2 + 3*i**d. Suppose -7*x - 13 - 1 = 0. Give n(x).
-7
Let g(r) be the second derivative of r**5/20 + r**4/4 + r**3/6 + r**2/2 + r. Let v be 1 - 5/((-5)/(-3)). What is g(v)?
3
Suppose -8*b + 7 - 23 = 0. Let l(g) = -5*g**2 + g + 2. Determine l(b).
-20
Let n = -1/86 - -55/1032. Let i(m) be the third derivative of -1/30*m**5 - 2*m**2 + n*m**4 + 0*m**3 + 0 + 1/20*m**6 + 0*m. What is i(1)?
5
Let w(n) be the second derivative of -n**3/3 - n**2/2 - 2*n. Give w(2).
-5
Let m be 4/(-22) - 24/(-11). Let z(a) = -12*a + 3. Determine z(m).
-21
Let w = -9 - -15. Let m(l) = -3*l + 8. Let p(o) = 2*o - 7. Let v(a) = w*p(a) + 5*m(a). What is v(-3)?
7
Let q(w) = 5*w**2 - 5. Let k(t) = 3*t**2 - 3. Suppose -5*p - 30 = -2*b, 2*p + 2 = -p - 2*b. Let v(x) = p*q(x) + 7*k(x). What is v(0)?
-1
Let h be 6/5*(-10)/(-3). Suppose -3*d = -5*m + 16, 0*m - 3*d - 12 = -3*m. Let y(j) = j + m - 3*j - h. Give y(4).
-10
Let i(u) be the second derivative of -u**5/20 - u**4/2 + u**3/3 + 5*u**2/2 + 8*u. Calculate i(-6).
-7
Let k(o) = -5*o + 1. Let n = 22 + -40. Let x be (-14)/n - 2/(-9). Suppose -5 = -4*a - x. Determine k(a).
-4
Let j = 1 + 1. Let c(u) = 0*u**3 - j*u - u**2 + u + 12 + u**3 + 0*u. Calculate c(0).
12
Let f(r) = 3*r + 3. Let l = 8 + -4. Suppose 3*j = -l - 5. What is f(j)?
-6
Let v(r) be the third derivative of 5*r**4/24 - 20*r**2. Suppose 6*f + 8 = 2*f + x, 0 = 4*f - 5*x + 8. Let p be 1*2/4*f. What is v(p)?
-5
Let n(i) = 3*i - 3*i - 3 + i. Suppose -3*z + 15 = 4*w, 0*w - 2*z - 1 = -w. Suppose w*g = -2*g. Give n(g).
-3
Let q(v) = v**2 - v + 1. Let g be q(3). Let d(t) be the second derivative of -t**5/20 + 7*t**4/12 - t**3/3 + 5*t**2 - 48*t + 2. Determine d(g).
-4
Let q(t) = -t**3 + 2*t**2 + 5*t - 4. Suppose -u - 4 = -m, 3*u + 12 = -m - 2*m. Let b be (-2)/u*-3*-2. What is q(b)?
2
Suppose 0 = -3*l - 6, -3*s + 5 = 2*l + 3. Let n(g) = -g**2 - g. Let q(h) = -8*h**2 - 3. Let f(u) = -4*n(u) + q(u). Give f(s).
-11
Let d(k) = -3*k + 2. Suppose 5*v = 2*v + 3*c - 9, c - 7 = 3*v. Determine d(v).
8
Let h(k) be the first derivative of k**2/2 - k - 49. Calculate h(8).
7
Let q(z) = z**2 - 2*z - 4. Let t be q(3). Let l(u) be the first derivative of 0*u**3 + 1 + 0*u + 1/2*u**2 - 1/4*u**4. What is l(t)?
0
Let o(v) be the second derivative of -v**3/6 + 5*v**2/2 - 2*v. Let t(s) = -s**3 - 7*s**2 - 2*s - 10. Let h be t(-7). Calculate o(h).
1
Let z(d) = -d - 4. Let y = 56 - 62. Calculate z(y).
2
Let i(p) = 31*p + 1 - p**2 - 26*p - 3 - 1. Calculate i(5).
-3
Let h(t) = -3*t - 5. Suppose 0 = -q - 3*b - 16, 3 = -b - 1. Let n be q/10 + 18/(-5). Calculate h(n).
7
Let d(z) = z - 16. Let q be ((-22)/2)/(4 + -6 - -1). Determine d(q).
-5
Let c = 13 - 11. Let a(o) = -2*o**3 + 3*o**2 - 2*o + 2. What is a(c)?
-6
Let b be 0 + 6 + -1 + 0. Let n(h) = 104*h**2 + 5*h - 4 - 211*h**2 + 106*h**2. Give n(b).
-4
Let u(f) = -2*f**2 - 2*f - 2. Let a(d) = d**2 + d + 1. Let z(q) = -q**2 + 6*q - 1. Let w be z(6). Let c(p) = w*u(p) - 3*a(p). What is c(-1)?
-1
Suppose -6 = 2*l, 3*a + 3*l = 4*l - 9. Let u(r) = r**3 - 6*r**2 - 4*r - 6. Let d(p) = p**3 - p**2 - p. Let t(i) = -2*d(i) + u(i). Determine t(a).
2
Let l = -2 - -2. Let v(d) = -d + 0*d + 3*d + l*d. Calculate v(-1).
-2
Let z(p) = 20*p**3 + 17*p**2 - 9*p - 26. Let v(c) = 8*c**2 + 7*c**3 - 12 - 3*c + 3 - 2*c**2. Let q(a) = -17*v(a) + 6*z(a). Let u = 80 - 82. Calculate q(u).
-5
Let w(s) be the second derivative of s**3/6 + s**2/2 + s. Let g(v) = -3*v - 3. Let a(z) = 6*g(z) + 17*w(z). What is a(-6)?
5
Let m = -21 + 24. Suppose -k + 1 + 1 = 0. Let v(z) = -k*z + z**2 + m*z + z**2 + 2. Determine v(-2).
8
Let k(b) = -3*b. Let s(x) = x**2 + 3*x - 1. Let n be s(-4). Suppose 3*v = -0*v - n. Let h(o) = 1. Let f(u) = v*h(u) - k(u). Give f(3).
8
Let d(i) = 2*i + 2. Let y(f) = -f - 6. Let a be y(-6). Suppose 0 = -a*l - l - 2. Determine d(l).
-2
Let f(j) = -j**2 - j + 2. Suppose 2*v + 0*v + 4*c + 2 = 0, 0 = v + 3*c - 4. Let z be (-12 - v)/(2/6). What is f(z)?
-4
Let d(w) = 37 - 78 + 40 - w. Give d(-8).
7
Let w be ((-1)/3)/(4/(-60)). Let d(n) be the first derivative of 3*n**2/2 - 4*n - 2. Give d(w).
11
Let y(z) = -4*z**3 - z**2. Let c be 2/(-2) - (1 + -6). Suppose c*h - 8 = 4. Suppose 0*f + 3 = h*f. Give y(f).
-5
Suppose 0*q = -5*q - 20. Let k(s) = -s**2 - 4*s - 4. What is k(q)?
-4
Let r(b) = -2*b - 1. Let v be 0 + 0 + (3 - 3). Suppose v = -2*p + 15 - 5. Suppose 4*o - p - 3 = 0. Give r(o).
-5
Let p(h) be the second derivative of h**3/3 + 5*h**2/2 + 2*h. Let a = -157 - -152. Give p(a).
-5
Let z(n) = 0*n**2 - n + n - 4 + n**2. Determine z(3).
5
Let v(g) = -g**2 + 2*g - 3. Let l = 3 - 4. Let f(d) = -d - 1. Let s(u) = l*v(u) + f(u). Suppose 3*o + 2 = 4*o. Give s(o).
0
Let m be 40/(-7) + 2/(-7). Let p(n) = -n**2 - 6*n - 1. What is p(m)?
-1
Let a(p) = -p**3 - 11*p**2 + 13*p + 12. Let c be a(-12). Suppose c = -3*o + 20 - 2. Let y(k) = k**3 - 7*k**2 + 10*k - 7. Determine y(o).
17
Let z(j) = j**3 - 11*j**2 - j - 2. Let y(r) = r**3 - 12*r**2 - 2*r - 3. Let m = 16 - 11. Let s(q) = m*y(q) - 6*z(q). Calculate s(5).
2
Let a(i) = -3*i**2 - 3*i - 4. Let p(n) = 3*n**2 + 2*n + 3. Let g(c) = 4*a(c) + 5*p(c). Calculate g(2).
7
Let l = 7 - 10. Let y(h) = -h**3 - 4*h**2 - 2*h - 3. Determine y(l).
-6
Let x(m) = -m - 1. Let y be 3/((-4)/(16/6)). Let d(k) = -2*k**2 - 3*k - 2. Let h be d(y). Let i(f) = -6*f - 2. Let l(q) = h*x(q) + i(q). Determine l(5).
-8
Let x(p) = -p**3 - 6*p**2 - 5*p - 1. Let q be x(-5). Let w = q + 2. Let t(l) = 1 + l**2 - 2*l**2 + w. What is t(-3)?
-7
Let b(v) = v**3 - 4*v**2 - 3*v - 1. Let n(q) be the first derivative of -7/2*q**2 - 5*q - 1/3*q**3 + 1. Let c be n(-5). What is b(c)?
9
Suppose 0 = -y + 11 - 1. Suppose 4*g + 3*u - 24 = 0, 2*g - 3*u - y = -4*u. Let q(m) = -m + 1. Calculate q(g).
-2
Let t(x) be the second derivative of 1/10*x**5 + 0*x**2 + 0 - x + 0*x**3 + 1/4*x**4. Calculate t(-2).
-4
Suppose -3*n + 20 = 2*w, -w - 3*w - 4 = -5*n. Let k(q) = -w + 5*q - q**2 + 2*q**2 - 2*q**2. Suppose -3*s = -3*f + 27, -4*f - 9 = 5*s - 0. Calculate k(f).
0
Let f(h) be the first derivative of h**3/3 - 4*h**2 + 2*h + 10. Give f(4).
-14
Let v(h) be the third derivative of h**9/60480 - h**8/5040 + h**7/1680 - h**6/180 + 7*h**5/60 + 6*h**2. Let q(u) be the third derivative of v(u). What is q(3)?
-4
Let m(d) = -d**2 - 6*d + 4. Suppose -3*r - 28 = -7. Let l = r + 1. Determine m(l).
4
Let o(k) = k**3 + 9*k**2 + 8*k + 7. Let y be o(-8). Suppose -4*l = -3*x + 11, -y*l + 2*l = -x + 22. Let j(v) = -v**3 + 4*v + 2. What is j(x)?
17
Let p = 105 - 98. Let o(w) = w**2 - 9*w + 5. What is o(p)?
-9
Suppose -8*t + 8 = -6*t. Let h(w) be the third derivative of 1/3*w**3 + 0*w - w**2 + 0 + 1/24*w**t. Determine h(5).
7
Suppose 3*z = -a + 11, 2*a - 23 = -5*z - 3. Suppose -4*v - 2*k = v + 2, -z*v + 5*k = -